divisor of 909 and 846.
9
Calculate the highest common divisor of 2784 and 644960.
928
What is the highest common factor of 126 and 1926?
18
Calculate the highest common divisor of 16029 and 3672.
9
Calculate the greatest common divisor of 343 and 33831.
7
What is the highest common factor of 13869 and 13317?
69
Calculate the highest common factor of 336 and 4144.
112
What is the highest common divisor of 4599333 and 782?
391
What is the greatest common divisor of 2759 and 55714?
89
What is the greatest common factor of 23598 and 2337?
57
Calculate the highest common divisor of 8919 and 24.
3
Calculate the highest common divisor of 1252 and 64.
4
What is the greatest common factor of 1351780 and 20?
20
What is the greatest common divisor of 18 and 4755483?
9
What is the greatest common divisor of 1404 and 228312?
108
Calculate the highest common factor of 432 and 66798.
54
What is the greatest common factor of 1626 and 81?
3
Calculate the highest common divisor of 21754 and 7897.
149
What is the greatest common factor of 1162 and 1635515?
581
What is the highest common factor of 6375351 and 1796?
449
What is the highest common divisor of 2618960 and 152?
152
Calculate the greatest common factor of 1926 and 549.
9
What is the greatest common factor of 6549 and 36934?
59
Calculate the highest common divisor of 1376825 and 25.
25
Calculate the highest common divisor of 36948 and 4.
4
Calculate the greatest common divisor of 184496 and 624.
208
What is the greatest common divisor of 6547 and 41?
1
Calculate the highest common factor of 3328 and 164992.
128
What is the greatest common divisor of 480 and 14928?
48
What is the greatest common factor of 4315172 and 13792?
1724
Calculate the greatest common factor of 15786 and 18.
18
What is the greatest common factor of 1285404 and 170?
34
What is the highest common divisor of 101738 and 903?
301
Calculate the greatest common divisor of 13186 and 12654.
38
What is the highest common divisor of 315 and 3549?
21
What is the highest common factor of 6048 and 88344?
216
Calculate the highest common divisor of 21804 and 13179.
69
What is the greatest common divisor of 845955 and 33?
33
Calculate the greatest common factor of 603 and 14593203.
603
What is the greatest common factor of 833 and 340501?
49
What is the greatest common divisor of 162 and 138996?
162
What is the greatest common divisor of 4880952 and 8?
8
Calculate the highest common divisor of 2599 and 1932.
23
What is the highest common factor of 676 and 2899?
13
Calculate the greatest common factor of 552 and 908408.
184
Calculate the highest common factor of 1224 and 762654.
102
What is the highest common factor of 16985 and 57835?
215
Calculate the highest common factor of 9823 and 152703.
893
What is the greatest common divisor of 52374 and 15179?
43
What is the highest common factor of 647 and 4545175?
647
What is the highest common divisor of 293416 and 8?
8
What is the greatest common factor of 720 and 195588?
36
What is the greatest common factor of 888 and 128496?
24
Calculate the highest common factor of 99 and 4367.
11
Calculate the greatest common divisor of 342 and 111321.
171
What is the greatest common divisor of 238734 and 1242?
54
What is the greatest common factor of 1227 and 1744794?
1227
Calculate the greatest common divisor of 3807 and 47.
47
Calculate the highest common factor of 3 and 6663.
3
Calculate the greatest common divisor of 418 and 38722.
38
What is the highest common factor of 166752 and 648?
216
What is the highest common factor of 749 and 18083?
107
Calculate the highest common factor of 182 and 6526.
26
Calculate the greatest common divisor of 38088 and 13225.
529
What is the greatest common factor of 2040 and 4208?
8
Calculate the greatest common divisor of 75700 and 350.
50
What is the highest common divisor of 3024 and 111762?
126
What is the highest common divisor of 19248 and 264?
24
What is the greatest common divisor of 79117 and 976?
61
What is the greatest common factor of 3654 and 34902?
126
What is the highest common divisor of 34529 and 21681?
803
What is the highest common divisor of 8702 and 5?
1
What is the highest common divisor of 2470 and 546?
26
Calculate the highest common divisor of 102884 and 58378.
578
Calculate the greatest common factor of 15320 and 1720.
40
What is the highest common factor of 22788 and 72?
36
What is the greatest common divisor of 202495 and 5?
5
What is the highest common factor of 7473 and 4371?
141
What is the highest common factor of 178486 and 418?
418
What is the greatest common factor of 7365 and 572997?
1473
Calculate the highest common divisor of 1719620 and 865.
865
What is the highest common divisor of 57018 and 169?
13
What is the greatest common factor of 3876 and 13889?
323
What is the greatest common divisor of 72 and 695916?
36
What is the greatest common factor of 1088 and 3451?
17
What is the highest common divisor of 1463 and 695989?
133
What is the greatest common factor of 3090 and 2640?
30
Calculate the greatest common divisor of 1113 and 329289.
159
What is the greatest common divisor of 2827 and 28784?
257
What is the highest common divisor of 136 and 1054?
34
Calculate the greatest common factor of 34 and 51442.
34
Calculate the greatest common factor of 2170 and 54180.
70
What is the greatest common factor of 6 and 211206?
6
What is the greatest common divisor of 94281 and 3135?
33
Calculate the greatest common factor of 27 and 10374.
3
What is the highest common divisor of 1003 and 3689?
17
Calculate the greatest common factor of 248 and 49228.
124
What is the greatest common factor of 5165 and 1620?
5
What is the highest common factor of 4689 and 27?
9
What is the greatest common factor of 1161299 and 57?
19
Calculate the highest common factor of 36 and 302196.
12
What is the greatest common factor of 1971300 and 300?
300
What is the highest common divisor of 5565 and 5495?
35
What is the highest common factor of 2349 and 7569?
261
What is the greatest common divisor of 219280 and 220?
20
What is the greatest common divisor of 201851 and 13?
13
Calculate the greatest common divisor of 15815 and 20.
5
What is the greatest common factor of 36 and 1434168?
36
What is the greatest common factor of 1577213 and 1397?
1397
What is the highest common factor of 817441 and 37?
37
What is the highest common divisor of 3781 and 323?
19
What is the highest common divisor of 18880 and 4820?
20
What is the highest common divisor of 4075085 and 490?
245
What is the greatest common factor of 1935450 and 4488?
1122
Calculate the greatest common divisor of 77 and 609.
7
What is the greatest common divisor of 988 and 86164?
52
Calculate the greatest common divisor of 1904 and 16352.
112
What is the highest common factor of 870 and 51910?
290
Calculate the highest common divisor of 231 and 16317.
21
Calculate the greatest common factor of 20 and 312740.
20
What is the highest common factor of 6643 and 24752?
91
Calculate the highest common factor of 7881 and 296.
37
What is the highest common factor of 101 and 33?
1
What is the greatest common divisor of 1358 and 1649194?
194
What is the greatest common factor of 2118 and 1410?
6
Calculate the highest common divisor of 7236 and 2106.
54
Calculate the greatest common factor of 196175 and 1425.
475
Calculate the highest common divisor of 3562 and 1794.
26
What is the greatest common factor of 62 and 1541041?
31
Calculate the greatest common factor of 1680 and 92610.
210
Calculate the highest common divisor of 120 and 14272.
8
Calculate the greatest common factor of 224 and 62224.
16
What is the highest common divisor of 599757 and 31?
31
Calculate the greatest common divisor of 58220 and 27880.
820
Calculate the highest common divisor of 18600618 and 289.
289
What is the highest common factor of 578235 and 462?
21
What is the highest common divisor of 4870190 and 130?
130
What is the greatest common divisor of 2910 and 114?
6
What is the highest common factor of 167517 and 315?
63
What is the greatest common divisor of 18038 and 3421?
311
Calculate the highest common divisor of 8395 and 1633.
23
What is the greatest common factor of 495 and 50325?
165
Calculate the highest common divisor of 8957 and 64727.